{"id":79,"date":"2018-10-31T23:30:49","date_gmt":"2018-10-31T22:30:49","guid":{"rendered":"http:\/\/polana.de\/?page_id=79"},"modified":"2026-03-03T22:17:29","modified_gmt":"2026-03-03T21:17:29","slug":"polnische-spielgruppe-koeln","status":"publish","type":"page","link":"https:\/\/polana.de\/pl\/","title":{"rendered":"Strona g\u0142\u00f3wna"},"content":{"rendered":"<a href=\"https:\/\/www.facebook.com\/groups\/669599656823182\"><div class=\"marquee\"><div class=\"marquee-inner\"><span style=\"color: #1a0dd2; font-weight: bold;\"> \u21e8 kolejne spotkanie: 25.04.2026, od godz. 11:00.<\/span><\/div><\/div><\/a>\n<p><strong>Serdecznie witamy na polskiej Polanie!<\/strong><\/p>\n<p>Jeste\u015bmy rodzinami z Kolonii i z Bergisch Gladbach, kt\u00f3re wychowuj\u0105 dzieci w dw\u00f3ch<br \/>j\u0119zykach: po polsku i po niemiecku.<\/p>\n<p>Spotykamy si\u0119, aby umo\u017cliwi\u0107 dzieciom wsp\u00f3ln\u0105 zabaw\u0119 w j\u0119zyku polskim.<br \/>Razem s\u0142uchamy polskich piosenek i je \u015bpiewamy, ta\u0144czymy, \u0107wiczymy, gotujemy,<br \/>rysujemy, malujemy, wycinamy, kleimy, lepimy, \u015bmiejemy si\u0119 i robimy mn\u00f3stwo innych<br \/>ciekawych rzeczy, \u0142\u0105cz\u0105c przyjemne z po\u017cytecznym.<br \/>Do dypozycji mamy wspania\u0142\u0105, du\u017c\u0105 sal\u0119, oraz przestronn\u0105 kuchni\u0119 z ca\u0142ym wyposa\u017ceniem.<\/p>\n<p>Spotkania odbywaj\u0105 si\u0119 w budynku <strong>FiM-Fachdienst f\u00fcr Integration und Migration<\/strong>,<br \/>pod adresem:<br \/><strong>Lerbacher Weg 4<\/strong><br \/><strong>Internationale Begegnungsst\u00e4tte (pierwsze pi\u0119tro)<\/strong><br \/><strong>51469 Bergisch Gladbach<\/strong><\/p>\n<p>Spotykamy si\u0119 zawsze w <strong>drug\u0105 i czwart\u0105 sobot\u0119 miesi\u0105ca, od 11:00 do 15:00<\/strong>.<\/p>\n<p>Spotkania s\u0105 bezp\u0142atne!<\/p>\n\n<ul class=\"wp-block-latest-posts__list has-dates wp-block-latest-posts\"><li><a class=\"wp-block-latest-posts__post-title\" href=\"https:\/\/polana.de\/pl\/2026\/04\/22\/1501\/\">Wiosna przysz\u0142a, idziemy do lasu! Spotkanie POLANA, 25.04.26<\/a><time datetime=\"2026-04-22T09:04:56+02:00\" class=\"wp-block-latest-posts__post-date\">22\/04\/2026<\/time><div class=\"wp-block-latest-posts__post-excerpt\">Ju\u017c od miesi\u0105ca mamy wiosn\u0119!Zagl\u0105da do nas czasem tak jak w marcu, a wi\u0119c bardziej jak w garncu Albo zagl\u0105da w taki spos\u00f3b jak robi to kwiecie\u0144 &#8211; plecie\u0144 A wi\u0119c za nami ch\u0142odniejsze dni, grubsze kurtki i czapki, a przed nami kolejne pi\u0119kne i ciep\u0142e dni! Podczas najbli\u017cszego spotkania porozmawiamy sobie o tej porze<span class=\"ellipsis\">&hellip;<\/span><div class=\"read-more\"><a href=\"https:\/\/polana.de\/pl\/2026\/04\/22\/1501\/\">Czytaj wi\u0119cej &#8250;<\/a><\/div><!-- end of .read-more --><\/div><\/li>\n<\/ul>\n\n\n<p><\/p>\n","protected":false},"excerpt":{"rendered":"<p>Serdecznie witamy na polskiej Polanie! Jeste\u015bmy rodzinami z Kolonii i z Bergisch Gladbach, kt\u00f3re wychowuj\u0105 dzieci w dw\u00f3chj\u0119zykach: po polsku i po niemiecku. Spotykamy si\u0119, aby umo\u017cliwi\u0107 dzieciom wsp\u00f3ln\u0105 zabaw\u0119 w j\u0119zyku polskim.Razem s\u0142uchamy polskich piosenek i je \u015bpiewamy, ta\u0144czymy,<span class=\"ellipsis\">&hellip;<\/span><\/p>\n<div class=\"read-more\"><a href=\"https:\/\/polana.de\/pl\/\">Czytaj wi\u0119cej &#8250;<\/a><\/div>\n<p><!-- end of .read-more --><\/p>\n","protected":false},"author":1,"featured_media":0,"parent":0,"menu_order":0,"comment_status":"closed","ping_status":"closed","template":"full-width-page.php","meta":{"footnotes":""},"class_list":["post-79","page","type-page","status-publish","hentry"],"translation":{"provider":"WPGlobus","version":"3.0.0","language":"pl","enabled_languages":["de","pl"],"languages":{"de":{"title":true,"content":true,"excerpt":false},"pl":{"title":true,"content":true,"excerpt":false}}},"yoast_head":"<!-- This site is optimized with the Yoast SEO plugin v25.3 - https:\/\/yoast.com\/wordpress\/plugins\/seo\/ -->\n<title>Strona g\u0142\u00f3wna - Polana - grupa dziecieca<\/title>\n<meta name=\"robots\" content=\"index, follow, max-snippet:-1, max-image-preview:large, max-video-preview:-1\" \/>\n<link rel=\"canonical\" href=\"https:\/\/polana.de\/\" \/>\n<meta property=\"og:locale\" content=\"pl_PL\" \/>\n<meta property=\"og:type\" content=\"article\" \/>\n<meta property=\"og:title\" content=\"Strona g\u0142\u00f3wna - Polana - grupa dziecieca\" \/>\n<meta property=\"og:url\" content=\"https:\/\/polana.de\/\" \/>\n<meta property=\"og:site_name\" content=\"Polana - grupa dziecieca\" \/>\n<meta property=\"article:modified_time\" content=\"2026-03-03T21:17:29+00:00\" \/>\n<meta property=\"og:image\" content=\"https:\/\/polana.de\/wp-content\/uploads\/2020\/02\/wizytowka-polana.jpg\" \/>\n\t<meta property=\"og:image:width\" content=\"449\" \/>\n\t<meta property=\"og:image:height\" content=\"293\" \/>\n\t<meta property=\"og:image:type\" content=\"image\/jpeg\" \/>\n<meta name=\"twitter:card\" content=\"summary_large_image\" \/>\n<meta name=\"twitter:label1\" content=\"Est. reading time\" \/>\n\t<meta name=\"twitter:data1\" content=\"1 minute\" \/>\n<script type=\"application\/ld+json\" class=\"yoast-schema-graph\">{\"@context\":\"https:\/\/schema.org\",\"@graph\":[{\"@type\":\"WebPage\",\"@id\":\"https:\/\/polana.de\/\",\"url\":\"https:\/\/polana.de\/\",\"name\":\"Strona g\u0142\u00f3wna - Polana - grupa dziecieca\",\"isPartOf\":{\"@id\":\"https:\/\/polana.de\/#website\"},\"datePublished\":\"2018-10-31T22:30:49+00:00\",\"dateModified\":\"2026-03-03T21:17:29+00:00\",\"description\":\"Polnische Spielgruppe K\u00f6ln \/ Bergisch Gladbach\",\"breadcrumb\":{\"@id\":\"https:\/\/polana.de\/#breadcrumb\"},\"inLanguage\":\"pl-PL\",\"potentialAction\":[{\"@type\":\"ReadAction\",\"target\":[\"https:\/\/polana.de\/\"]}]},{\"@type\":\"BreadcrumbList\",\"@id\":\"https:\/\/polana.de\/#breadcrumb\",\"itemListElement\":[{\"@type\":\"ListItem\",\"position\":1,\"name\":\"Startseite\",\"item\":\"https:\/\/polana.de\/\"},{\"@type\":\"ListItem\",\"position\":2,\"name\":\"Strona g\u0142\u00f3wna\"}]},{\"@type\":\"WebSite\",\"@id\":\"https:\/\/polana.de\/#website\",\"url\":\"https:\/\/polana.de\/\",\"name\":\"Polana - grupa dziecieca\",\"description\":\"Polska grupa dziecieca dla przedszkolakow\",\"potentialAction\":[{\"@type\":\"SearchAction\",\"target\":{\"@type\":\"EntryPoint\",\"urlTemplate\":\"https:\/\/polana.de\/?s={search_term_string}\"},\"query-input\":{\"@type\":\"PropertyValueSpecification\",\"valueRequired\":true,\"valueName\":\"search_term_string\"}}],\"inLanguage\":\"pl-PL\"}]}<\/script>\n<!-- \/ Yoast SEO plugin. -->","yoast_head_json":{"title":"Strona g\u0142\u00f3wna - Polana - grupa dziecieca","robots":{"index":"index","follow":"follow","max-snippet":"max-snippet:-1","max-image-preview":"max-image-preview:large","max-video-preview":"max-video-preview:-1"},"canonical":"https:\/\/polana.de\/","og_locale":"pl_PL","og_type":"article","og_title":"Strona g\u0142\u00f3wna - Polana - grupa dziecieca","og_url":"https:\/\/polana.de\/","og_site_name":"Polana - grupa dziecieca","article_modified_time":"2026-03-03T21:17:29+00:00","og_image":[{"width":449,"height":293,"url":"https:\/\/polana.de\/wp-content\/uploads\/2020\/02\/wizytowka-polana.jpg","type":"image\/jpeg"}],"twitter_card":"summary_large_image","twitter_misc":{"Est. reading time":"1 minute"},"schema":{"@context":"https:\/\/schema.org","@graph":[{"@type":"WebPage","@id":"https:\/\/polana.de\/","url":"https:\/\/polana.de\/","name":"Strona g\u0142\u00f3wna - Polana - grupa dziecieca","isPartOf":{"@id":"https:\/\/polana.de\/#website"},"datePublished":"2018-10-31T22:30:49+00:00","dateModified":"2026-03-03T21:17:29+00:00","description":"Polnische Spielgruppe K\u00f6ln \/ Bergisch Gladbach","breadcrumb":{"@id":"https:\/\/polana.de\/#breadcrumb"},"inLanguage":"pl-PL","potentialAction":[{"@type":"ReadAction","target":["https:\/\/polana.de\/"]}]},{"@type":"BreadcrumbList","@id":"https:\/\/polana.de\/#breadcrumb","itemListElement":[{"@type":"ListItem","position":1,"name":"Startseite","item":"https:\/\/polana.de\/"},{"@type":"ListItem","position":2,"name":"Strona g\u0142\u00f3wna"}]},{"@type":"WebSite","@id":"https:\/\/polana.de\/#website","url":"https:\/\/polana.de\/","name":"Polana - grupa dziecieca","description":"Polska grupa dziecieca dla przedszkolakow","potentialAction":[{"@type":"SearchAction","target":{"@type":"EntryPoint","urlTemplate":"https:\/\/polana.de\/?s={search_term_string}"},"query-input":{"@type":"PropertyValueSpecification","valueRequired":true,"valueName":"search_term_string"}}],"inLanguage":"pl-PL"}]}},"_links":{"self":[{"href":"https:\/\/polana.de\/pl\/wp-json\/wp\/v2\/pages\/79","targetHints":{"allow":["GET"]}}],"collection":[{"href":"https:\/\/polana.de\/pl\/wp-json\/wp\/v2\/pages"}],"about":[{"href":"https:\/\/polana.de\/pl\/wp-json\/wp\/v2\/types\/page"}],"author":[{"embeddable":true,"href":"https:\/\/polana.de\/pl\/wp-json\/wp\/v2\/users\/1"}],"replies":[{"embeddable":true,"href":"https:\/\/polana.de\/pl\/wp-json\/wp\/v2\/comments?post=79"}],"version-history":[{"count":10,"href":"https:\/\/polana.de\/pl\/wp-json\/wp\/v2\/pages\/79\/revisions"}],"predecessor-version":[{"id":1470,"href":"https:\/\/polana.de\/pl\/wp-json\/wp\/v2\/pages\/79\/revisions\/1470"}],"wp:attachment":[{"href":"https:\/\/polana.de\/pl\/wp-json\/wp\/v2\/media?parent=79"}],"curies":[{"name":"wp","href":"https:\/\/api.w.org\/{rel}","templated":true}]}}

Strona główna

<a href="https://www.facebook.com/groups/669599656823182"><div class="marquee"><div class="marquee-inner"><span style="color: #1a0dd2; font-weight: bold;"> ⇨ kolejne spotkanie: 25.04.2026, od godz. 11:00.</span></div></div></a>
<p><strong>Serdecznie witamy na polskiej Polanie!</strong></p>
<p>Jesteśmy rodzinami z Kolonii i z Bergisch Gladbach, które wychowują dzieci w dwóch<br />językach: po polsku i po niemiecku.</p>
<p>Spotykamy się, aby umożliwić dzieciom wspólną zabawę w języku polskim.<br />Razem słuchamy polskich piosenek i je śpiewamy, tańczymy, ćwiczymy, gotujemy,<br />rysujemy, malujemy, wycinamy, kleimy, lepimy, śmiejemy się i robimy mnóstwo innych<br />ciekawych rzeczy, łącząc przyjemne z pożytecznym.<br />Do dypozycji mamy wspaniałą, dużą salę, oraz przestronną kuchnię z całym wyposażeniem.</p>
<p>Spotkania odbywają się w budynku <strong>FiM-Fachdienst für Integration und Migration</strong>,<br />pod adresem:<br /><strong>Lerbacher Weg 4</strong><br /><strong>Internationale Begegnungsstätte (pierwsze piętro)</strong><br /><strong>51469 Bergisch Gladbach</strong></p>
<p>Spotykamy się zawsze w <strong>drugą i czwartą sobotę miesiąca, od 11:00 do 15:00</strong>.</p>
<p>Spotkania są bezpłatne!</p>

<ul class="wp-block-latest-posts__list has-dates wp-block-latest-posts"><li><a class="wp-block-latest-posts__post-title" href="https://polana.de/pl/2026/04/22/1501/">Wiosna przyszła, idziemy do lasu! Spotkanie POLANA, 25.04.26</a><time datetime="2026-04-22T09:04:56+02:00" class="wp-block-latest-posts__post-date">22/04/2026</time><div class="wp-block-latest-posts__post-excerpt">Już od miesiąca mamy wiosnę!Zagląda do nas czasem tak jak w marcu, a więc bardziej jak w garncu Albo zagląda w taki sposób jak robi to kwiecień &#8211; plecień A więc za nami chłodniejsze dni, grubsze kurtki i czapki, a przed nami kolejne piękne i ciepłe dni! Podczas najbliższego spotkania porozmawiamy sobie o tej porze<span class="ellipsis">&hellip;</span><div class="read-more"><a href="https://polana.de/pl/2026/04/22/1501/">Czytaj więcej &#8250;</a></div><!-- end of .read-more --></div></li>
</ul>


<p></p>

<p>Serdecznie witamy na polskiej Polanie! Jesteśmy rodzinami z Kolonii i z Bergisch Gladbach, które wychowują dzieci w dwóchjęzykach: po polsku i po niemiecku. Spotykamy się, aby umożliwić dzieciom wspólną zabawę w języku polskim.Razem słuchamy polskich piosenek i je śpiewamy, tańczymy,<span class="ellipsis">&hellip;</span></p>
<div class="read-more"><a href="https://polana.de/pl/">Czytaj więcej &#8250;</a></div>
<p><!-- end of .read-more --></p>

<!-- This site is optimized with the Yoast SEO plugin v25.3 - https://yoast.com/wordpress/plugins/seo/ -->
<title>Strona główna - Polana - grupa dziecieca</title>
<meta name="robots" content="index, follow, max-snippet:-1, max-image-preview:large, max-video-preview:-1" />
<link rel="canonical" href="https://polana.de/" />
<meta property="og:locale" content="pl_PL" />
<meta property="og:type" content="article" />
<meta property="og:title" content="Strona główna - Polana - grupa dziecieca" />
<meta property="og:url" content="https://polana.de/" />
<meta property="og:site_name" content="Polana - grupa dziecieca" />
<meta property="article:modified_time" content="2026-03-03T21:17:29+00:00" />
<meta property="og:image" content="https://polana.de/wp-content/uploads/2020/02/wizytowka-polana.jpg" />
	<meta property="og:image:width" content="449" />
	<meta property="og:image:height" content="293" />
	<meta property="og:image:type" content="image/jpeg" />
<meta name="twitter:card" content="summary_large_image" />
<meta name="twitter:label1" content="Est. reading time" />
	<meta name="twitter:data1" content="1 minute" />
<script type="application/ld+json" class="yoast-schema-graph">{"@context":"https://schema.org","@graph":[{"@type":"WebPage","@id":"https://polana.de/","url":"https://polana.de/","name":"Strona główna - Polana - grupa dziecieca","isPartOf":{"@id":"https://polana.de/#website"},"datePublished":"2018-10-31T22:30:49+00:00","dateModified":"2026-03-03T21:17:29+00:00","description":"Polnische Spielgruppe Köln / Bergisch Gladbach","breadcrumb":{"@id":"https://polana.de/#breadcrumb"},"inLanguage":"pl-PL","potentialAction":[{"@type":"ReadAction","target":["https://polana.de/"]}]},{"@type":"BreadcrumbList","@id":"https://polana.de/#breadcrumb","itemListElement":[{"@type":"ListItem","position":1,"name":"Startseite","item":"https://polana.de/"},{"@type":"ListItem","position":2,"name":"Strona główna"}]},{"@type":"WebSite","@id":"https://polana.de/#website","url":"https://polana.de/","name":"Polana - grupa dziecieca","description":"Polska grupa dziecieca dla przedszkolakow","potentialAction":[{"@type":"SearchAction","target":{"@type":"EntryPoint","urlTemplate":"https://polana.de/?s={search_term_string}"},"query-input":{"@type":"PropertyValueSpecification","valueRequired":true,"valueName":"search_term_string"}}],"inLanguage":"pl-PL"}]}</script>
<!-- / Yoast SEO plugin. -->

Strona główna - Polana - grupa dziecieca

Polnische Spielgruppe Köln / Bergisch Gladbach
